{"id":61,"date":"2017-10-15T14:44:16","date_gmt":"2017-10-15T14:44:16","guid":{"rendered":"http:\/\/asohainburg.ac.at\/wordpress\/?page_id=61"},"modified":"2017-10-16T20:48:19","modified_gmt":"2017-10-16T20:48:19","slug":"impressum","status":"publish","type":"page","link":"https:\/\/asohainburg.ac.at\/wordpress\/impressum\/","title":{"rendered":"Impressum"},"content":{"rendered":"<p><strong>Medieninhaber<\/strong><br \/>\nAllgemeine Sonderschule Hainburg an der Donau<\/p>\n<p><strong>Anschrift<\/strong><br \/>\nBabenberger Strasse 29<br \/>\n2410 Hainburg<br \/>\nTel.: 02165\/64164<br \/>\nFax: 02165\/64164-4<br \/>\nmail: aso.hainburg@noeschule.at<br \/>\nweb: asohainburg.ac.at<br \/>\n<span style=\"font-size: 1.0625rem;\"><br \/>\nUnser Angebot enth\u00e4lt Links zu externen Webseiten Dritter, auf deren Inhalte wir keinen Einfluss haben. Deshalb k\u00f6nnen wir f\u00fcr diese fremden Inhalte auch keine Gew\u00e4hr \u00fcbernehmen. F\u00fcr die Inhalte der verlinkten Seiten ist stets der jeweilige Anbieter oder Betreiber der Seiten verantwortlich. Die verlinkten Seiten wurden zum Zeitpunkt der Verlinkung auf m\u00f6gliche Rechtsverst\u00f6\u00dfe \u00fcberpr\u00fcft. Rechtswidrige Inhalte waren zum Zeitpunkt der Verlinkung nicht erkennbar. Eine permanente inhaltliche Kontrolle der verlinkten Seiten ist jedoch ohne konkrete Anhaltspunkte einer Rechtsverletzung nicht zumutbar. Bei bekannt werden von Rechtsverletzungen werden wir derartige Links umgehend entfernen.<br \/>\nDie verwendeten Fotos sowie die Inhalte sind urheberrechtlich gesch\u00fctzt.<\/span><\/p>\n","protected":false},"excerpt":{"rendered":"<p>Medieninhaber Allgemeine Sonderschule Hainburg an der Donau Anschrift Babenberger Strasse 29 2410 Hainburg Tel.: 02165\/64164 Fax: 02165\/64164-4 mail: aso.hainburg@noeschule.at web: asohainburg.ac.at Unser Angebot enth\u00e4lt Links zu externen Webseiten Dritter, auf deren Inhalte wir keinen Einfluss haben. Deshalb k\u00f6nnen wir f\u00fcr diese fremden Inhalte auch keine Gew\u00e4hr \u00fcbernehmen. F\u00fcr die Inhalte<\/p>\n","protected":false},"author":1,"featured_media":0,"parent":0,"menu_order":0,"comment_status":"closed","ping_status":"closed","template":"","meta":{"footnotes":""},"_links":{"self":[{"href":"https:\/\/asohainburg.ac.at\/wordpress\/wp-json\/wp\/v2\/pages\/61"}],"collection":[{"href":"https:\/\/asohainburg.ac.at\/wordpress\/wp-json\/wp\/v2\/pages"}],"about":[{"href":"https:\/\/asohainburg.ac.at\/wordpress\/wp-json\/wp\/v2\/types\/page"}],"author":[{"embeddable":true,"href":"https:\/\/asohainburg.ac.at\/wordpress\/wp-json\/wp\/v2\/users\/1"}],"replies":[{"embeddable":true,"href":"https:\/\/asohainburg.ac.at\/wordpress\/wp-json\/wp\/v2\/comments?post=61"}],"version-history":[{"count":6,"href":"https:\/\/asohainburg.ac.at\/wordpress\/wp-json\/wp\/v2\/pages\/61\/revisions"}],"predecessor-version":[{"id":148,"href":"https:\/\/asohainburg.ac.at\/wordpress\/wp-json\/wp\/v2\/pages\/61\/revisions\/148"}],"wp:attachment":[{"href":"https:\/\/asohainburg.ac.at\/wordpress\/wp-json\/wp\/v2\/media?parent=61"}],"curies":[{"name":"wp","href":"https:\/\/api.w.org\/{rel}","templated":true}]}}